{"id":3087,"date":"2026-02-12T09:38:57","date_gmt":"2026-02-12T09:38:57","guid":{"rendered":"https:\/\/www.ailegelisimatolyesi-akademi.com\/?post_type=product&#038;p=3087"},"modified":"2026-02-15T10:57:47","modified_gmt":"2026-02-15T10:57:47","slug":"zihin-kurami-ve-sosyal-etkilesim-becerilerinin-guclendirilmesi-programi","status":"publish","type":"product","link":"https:\/\/www.ailegelisimatolyesi-akademi.com\/index.php\/urun\/zihin-kurami-ve-sosyal-etkilesim-becerilerinin-guclendirilmesi-programi\/","title":{"rendered":"Zihin Kuram\u0131 ve Sosyal Etkile\u015fim Becerilerinin G\u00fc\u00e7lendirilmesi Program\u0131 \/ TOMSS+"},"content":{"rendered":"<p style=\"text-align: center;\"><strong>Online Grup \u00c7al\u0131\u015fmas\u0131<\/strong><\/p>\n<p style=\"text-align: center;\"><strong>14-18 Ya\u015f DEHB- Otizmli Gen\u00e7ler \u0130\u00e7in<\/strong><\/p>\n<p style=\"text-align: center;\"><strong>Z\u0130H\u0130N KURAMI VE SOSYAL BECER\u0130LER <\/strong><\/p>\n<p style=\"text-align: center;\"><strong>PS\u0130KOLOJ\u0130K SA\u011eLAMLIK PROGRAMI<\/strong><\/p>\n<p>&nbsp;<\/p>\n<p><img loading=\"lazy\" decoding=\"async\" class=\"wp-image-3089 aligncenter\" src=\"http:\/\/www.ailegelisimatolyesi-akademi.com\/wp-content\/uploads\/2026\/02\/tomss-logo-300x77.png\" alt=\"\" width=\"273\" height=\"64\" \/><\/p>\n<p>&nbsp;<\/p>\n<p>&nbsp;<\/p>\n<p>Program, Y\u00fcksek i\u015flevli otizm\/Asperger sendromu ve DEHB \u00f6zellikleri olan ve Sosyal beceriler konusunda zorluklar ya\u015fayan <strong>14-18<\/strong> Ya\u015f aral\u0131\u011f\u0131nda lise d\u00fczeyinde e\u011fitim alan gen\u00e7ler kat\u0131lacakt\u0131r.<\/p>\n<p><strong>Program grup \u00e7al\u0131\u015fmas\u0131 olarak uygulanacak ve maksimum 16 kat\u0131l\u0131mc\u0131dan olu\u015facakt\u0131r. <\/strong><\/p>\n<p><strong>TAR\u0130H:<\/strong> 4-11-18-25 May\u0131s- 1- 8- 15- 22 Haziran<\/p>\n<p><strong>SAAT:<\/strong> 21.00 \u2013 22.30 (90 dk) 2 seans<\/p>\n<p>&nbsp;<\/p>\n<p style=\"text-align: center;\"><strong>PROGRAM \u0130\u00c7ER\u0130\u011e\u0130<\/strong><\/p>\n<p><strong>I.HAFTA \u00d6zfark\u0131ndal\u0131k <\/strong><\/p>\n<ol>\n<li><strong>Seans: Grup<\/strong> \u00e7al\u0131\u015fmas\u0131n\u0131n i\u00e7eri\u011fi hakk\u0131nda bilgilendirme ve grup kurallar\u0131n\u0131n a\u00e7\u0131klanmas\u0131<strong>,<\/strong><\/li>\n<li><strong>Seans: <\/strong>\u00d6zfark\u0131ndal\u0131k \u00e7al\u0131\u015fmas\u0131 \u2013 Ben kimim?<\/li>\n<\/ol>\n<p><strong>II.HAFTA<\/strong><\/p>\n<ol>\n<li><strong>Seans: <\/strong>\u00d6zfark\u0131ndal\u0131k \u00e7al\u0131\u015fmas\u0131 \u2013 Ben ve Ailem<\/li>\n<li><strong>Seans:<\/strong> \u00d6zfark\u0131ndal\u0131k \u00e7al\u0131\u015fmas\u0131 \u2013 Ben ve Sosyal \u00c7evrem<\/li>\n<\/ol>\n<p><strong>III. HAFTA: Duygular\u0131 Tan\u0131ma<\/strong><\/p>\n<ol>\n<li><strong>Seans: <\/strong>Duygular\u0131m<\/li>\n<li><strong>Seans: <\/strong>3D- Duygu-D\u00fc\u015f\u00fcnce-Davran\u0131\u015f \u0130li\u015fkisi<\/li>\n<\/ol>\n<p><strong>IV. HAFTA: Duygular\u0131n\u0131 D\u00fczenleme<\/strong><\/p>\n<ol>\n<li><strong>Seans: <\/strong>Duygular\u0131 kabul etme ve d\u00fczenleme<\/li>\n<li><strong>Seans: <\/strong>Zor Duygular\u0131 D\u00fczenleme<\/li>\n<\/ol>\n<p><strong>V. HAFTA: Bili\u015fsel Esneklik- Psikolojik sa\u011flaml\u0131k<\/strong><\/p>\n<ol>\n<li><strong> Seans: <\/strong>Bili\u015fsel Esneklik \u2013 Tak\u0131nt\u0131l\u0131\/ Olumsuz d\u00fc\u015f\u00fcncelerle yerine iyimserlik<\/li>\n<li><strong> Seans<\/strong>: Bili\u015fsel Sa\u011flaml\u0131k- G\u00fc\u00e7l\u00fc Y\u00f6nlerim<\/li>\n<\/ol>\n<p><strong>VI. HAFTA: Hedef Belirleme <\/strong><\/p>\n<ol>\n<li><strong>Seans: <\/strong>Hedef belirleme-Kendimizin En iyisi olmak<\/li>\n<li><strong>Seans:<\/strong> \u00d6z disiplin<\/li>\n<\/ol>\n<p><strong>VII: HAFTA: Empati<\/strong><\/p>\n<ol>\n<li><strong>Seans: <\/strong>Di\u011ferinin duygular\u0131n\u0131, niyetini anlamak<\/li>\n<li><strong>Seans: <\/strong>Empatik davran\u0131\u015f g\u00f6sterebilme<\/li>\n<\/ol>\n<p><strong>VIII. HAFTA: Arkada\u015fl\u0131k<\/strong><\/p>\n<ol>\n<li><strong>Seans: <\/strong>Nas\u0131l bir arkada\u015f?<\/li>\n<li><strong>Seans: <\/strong>Tak\u0131m \u00c7al\u0131\u015fmas\u0131<\/li>\n<\/ol>\n<p>&nbsp;<\/p>\n<p><strong>KATILIM \u00dcCRET\u0130 ve KAYIT<\/strong><\/p>\n<p>Toplam \u00fccret KDV dahil 15.000,00 TL&#8217;dir.<\/p>\n<p>&nbsp;<\/p>\n<p><strong>E\u011fitime ba\u015fvurmak i\u00e7in \u00f6nce l\u00fctfen a\u015fa\u011f\u0131daki formu doldurunuz: Formlar Alev Girli taraf\u0131ndan incelenecek ve daha sonra taraf\u0131n\u0131za d\u00f6n\u00fc\u015f yap\u0131lacakt\u0131r.<\/strong><\/p>\n<p><a href=\"https:\/\/www.ailegelisimatolyesi-akademi.com\/index.php\/online-grup-egitimi-basvuru-formu\/\">KAYIT FORMU<\/a><\/p>\n<p>&nbsp;<\/p>\n","protected":false},"excerpt":{"rendered":"<p>Online Grup \u00c7al\u0131\u015fmas\u0131 14-18 Ya\u015f DEHB- Otizmli Gen\u00e7ler \u0130\u00e7in Z\u0130H\u0130N KURAMI VE SOSYAL BECER\u0130LER PS\u0130KOLOJ\u0130K SA\u011eLAMLIK PROGRAMI &nbsp; &nbsp; &nbsp; Program, Y\u00fcksek [&hellip;]<\/p>\n","protected":false},"featured_media":3122,"comment_status":"open","ping_status":"closed","template":"","meta":{"_price":"15000","_stock":"0","_tribe_ticket_header":"","_tribe_default_ticket_provider":"","_tribe_ticket_capacity":"25","_ticket_start_date":"","_ticket_end_date":"","_tribe_ticket_show_description":"","_tribe_ticket_show_not_going":false,"_tribe_ticket_use_global_stock":"","_tribe_ticket_global_stock_level":"","_global_stock_mode":"","_global_stock_cap":"","_tribe_rsvp_for_event":"","_tribe_ticket_going_count":"","_tribe_ticket_not_going_count":"","_tribe_tickets_list":"[]","_tribe_ticket_has_attendee_info_fields":false,"_themeisle_gutenberg_block_has_review":false},"product_brand":[],"product_cat":[21,19],"product_tag":[22],"class_list":{"0":"post-3087","1":"product","2":"type-product","3":"status-publish","4":"has-post-thumbnail","6":"product_cat-egitim","7":"product_cat-genel","8":"product_tag-egitim","9":"product_shipping_class-egitimler","11":"first","12":"outofstock","13":"purchasable","14":"product-type-simple"},"_links":{"self":[{"href":"https:\/\/www.ailegelisimatolyesi-akademi.com\/index.php\/wp-json\/wp\/v2\/product\/3087","targetHints":{"allow":["GET"]}}],"collection":[{"href":"https:\/\/www.ailegelisimatolyesi-akademi.com\/index.php\/wp-json\/wp\/v2\/product"}],"about":[{"href":"https:\/\/www.ailegelisimatolyesi-akademi.com\/index.php\/wp-json\/wp\/v2\/types\/product"}],"replies":[{"embeddable":true,"href":"https:\/\/www.ailegelisimatolyesi-akademi.com\/index.php\/wp-json\/wp\/v2\/comments?post=3087"}],"wp:featuredmedia":[{"embeddable":true,"href":"https:\/\/www.ailegelisimatolyesi-akademi.com\/index.php\/wp-json\/wp\/v2\/media\/3122"}],"wp:attachment":[{"href":"https:\/\/www.ailegelisimatolyesi-akademi.com\/index.php\/wp-json\/wp\/v2\/media?parent=3087"}],"wp:term":[{"taxonomy":"product_brand","embeddable":true,"href":"https:\/\/www.ailegelisimatolyesi-akademi.com\/index.php\/wp-json\/wp\/v2\/product_brand?post=3087"},{"taxonomy":"product_cat","embeddable":true,"href":"https:\/\/www.ailegelisimatolyesi-akademi.com\/index.php\/wp-json\/wp\/v2\/product_cat?post=3087"},{"taxonomy":"product_tag","embeddable":true,"href":"https:\/\/www.ailegelisimatolyesi-akademi.com\/index.php\/wp-json\/wp\/v2\/product_tag?post=3087"}],"curies":[{"name":"wp","href":"https:\/\/api.w.org\/{rel}","templated":true}]}}