{"id":1667,"date":"2025-05-26T23:29:54","date_gmt":"2025-05-26T23:29:54","guid":{"rendered":"https:\/\/www.ailegelisimatolyesi-akademi.com\/?post_type=product&#038;p=1667"},"modified":"2026-01-12T09:46:06","modified_gmt":"2026-01-12T09:46:06","slug":"erken-cocuklukta-zihin-kurami-ve-sosyal-becerilerin-ogretimi-vaka-bulusmalari-1","status":"publish","type":"product","link":"https:\/\/www.ailegelisimatolyesi-akademi.com\/index.php\/urun\/erken-cocuklukta-zihin-kurami-ve-sosyal-becerilerin-ogretimi-vaka-bulusmalari-1\/","title":{"rendered":"Erken \u00c7ocuklukta Zihin Kuram\u0131 Ve Sosyal Becerilerin \u00d6\u011fretimi\/ VAK&#8217;A BULU\u015eMALARI- 1"},"content":{"rendered":"<p><strong>Kimler Kat\u0131labilir:<\/strong><\/p>\n<p>Zihin kuram\u0131 ve sosyal beceriler e\u011fitimi alm\u0131\u015f olanlar\u0131n kat\u0131l\u0131m\u0131na a\u00e7\u0131kt\u0131r.<\/p>\n<p><strong>E\u011fitime kay\u0131t yapt\u0131rmadan \u00f6nce l\u00fctfen a\u015fa\u011f\u0131daki formu doldurunuz:<\/strong><\/p>\n<p><a href=\"https:\/\/docs.google.com\/forms\/d\/e\/1FAIpQLSf0xTi0G-aCm3ewYuWVwoyqpS4RTsDxs8Gjta0yY5cObiUWng\/viewform?usp=header\" target=\"_blank\" rel=\"noopener\">KAYIT FORMU<\/a><\/p>\n<p><strong>\u0130\u00c7ER\u0130K<\/strong><\/p>\n<p>* Testlerin Sonu\u00e7lar\u0131n\u0131 Yorumlama<br \/>\n* Program\u0131n Olu\u015fturulmas\u0131<br \/>\n* \u00c7al\u0131\u015fma Videolar\u0131<br \/>\n* Soru- Cevap<\/p>\n<p>&nbsp;<\/p>\n<p><strong>TAR\u0130H VE S\u00dcRE<\/strong><br \/>\n17 Temmuz 2025\/ Per\u015fembe\/\u00a0Saat: 21.00-23.00<\/p>\n<p>&nbsp;<\/p>\n<p><strong>KATILIM \u00dcCRET\u0130 ve KAYIT<\/strong><\/p>\n<p>Kat\u0131l\u0131m \u00fccreti KDV dahil 1500 TL&#8217;dir.<\/p>\n<p>&nbsp;<\/p>\n<p>&nbsp;<\/p>\n","protected":false},"excerpt":{"rendered":"<p>Kimler Kat\u0131labilir: Zihin kuram\u0131 ve sosyal beceriler e\u011fitimi alm\u0131\u015f olanlar\u0131n kat\u0131l\u0131m\u0131na a\u00e7\u0131kt\u0131r. E\u011fitime kay\u0131t yapt\u0131rmadan \u00f6nce l\u00fctfen a\u015fa\u011f\u0131daki formu doldurunuz: KAYIT FORMU [&hellip;]<\/p>\n","protected":false},"featured_media":1668,"comment_status":"open","ping_status":"closed","template":"","meta":{"_price":"1250","_stock":"0","_tribe_ticket_header":"","_tribe_default_ticket_provider":"","_tribe_ticket_capacity":"25","_ticket_start_date":"","_ticket_end_date":"","_tribe_ticket_show_description":"","_tribe_ticket_show_not_going":false,"_tribe_ticket_use_global_stock":"","_tribe_ticket_global_stock_level":"","_global_stock_mode":"","_global_stock_cap":"","_tribe_rsvp_for_event":"","_tribe_ticket_going_count":"","_tribe_ticket_not_going_count":"","_tribe_tickets_list":"[]","_tribe_ticket_has_attendee_info_fields":false,"_themeisle_gutenberg_block_has_review":false},"product_brand":[],"product_cat":[21],"product_tag":[22],"class_list":{"0":"post-1667","1":"product","2":"type-product","3":"status-publish","4":"has-post-thumbnail","6":"product_cat-egitim","7":"product_tag-egitim","8":"product_shipping_class-egitimler","10":"first","11":"outofstock","12":"taxable","13":"shipping-taxable","14":"purchasable","15":"product-type-simple"},"_links":{"self":[{"href":"https:\/\/www.ailegelisimatolyesi-akademi.com\/index.php\/wp-json\/wp\/v2\/product\/1667","targetHints":{"allow":["GET"]}}],"collection":[{"href":"https:\/\/www.ailegelisimatolyesi-akademi.com\/index.php\/wp-json\/wp\/v2\/product"}],"about":[{"href":"https:\/\/www.ailegelisimatolyesi-akademi.com\/index.php\/wp-json\/wp\/v2\/types\/product"}],"replies":[{"embeddable":true,"href":"https:\/\/www.ailegelisimatolyesi-akademi.com\/index.php\/wp-json\/wp\/v2\/comments?post=1667"}],"wp:featuredmedia":[{"embeddable":true,"href":"https:\/\/www.ailegelisimatolyesi-akademi.com\/index.php\/wp-json\/wp\/v2\/media\/1668"}],"wp:attachment":[{"href":"https:\/\/www.ailegelisimatolyesi-akademi.com\/index.php\/wp-json\/wp\/v2\/media?parent=1667"}],"wp:term":[{"taxonomy":"product_brand","embeddable":true,"href":"https:\/\/www.ailegelisimatolyesi-akademi.com\/index.php\/wp-json\/wp\/v2\/product_brand?post=1667"},{"taxonomy":"product_cat","embeddable":true,"href":"https:\/\/www.ailegelisimatolyesi-akademi.com\/index.php\/wp-json\/wp\/v2\/product_cat?post=1667"},{"taxonomy":"product_tag","embeddable":true,"href":"https:\/\/www.ailegelisimatolyesi-akademi.com\/index.php\/wp-json\/wp\/v2\/product_tag?post=1667"}],"curies":[{"name":"wp","href":"https:\/\/api.w.org\/{rel}","templated":true}]}}