{"id":111,"date":"2024-08-28T15:46:22","date_gmt":"2024-08-28T15:46:22","guid":{"rendered":"https:\/\/www.ailegelisimatolyesi-akademi.com\/?page_id=111"},"modified":"2024-09-26T11:59:21","modified_gmt":"2024-09-26T11:59:21","slug":"hakkimizda","status":"publish","type":"page","link":"https:\/\/www.ailegelisimatolyesi-akademi.com\/index.php\/hakkimizda\/","title":{"rendered":"Hakk\u0131m\u0131zda"},"content":{"rendered":"\n<p>\u00d6zel gereksinimi olan bireylere, ailelere ve bu alanda \u00e7al\u0131\u015fan profesyonellere y\u00f6nelik kaynak kitaplar yay\u0131nlamak ve e\u011fitimler vermek amac\u0131yla 2021 y\u0131l\u0131nda Do\u00e7. Dr. Alev G\u0130RL\u0130 ve Nuri Ayd\u0131n taraf\u0131ndan kurulmu\u015ftur.<br>&#8220;Aile Geli\u015fim At\u00f6lyesi Yay\u0131nlar\u0131&#8221; ve d\u00fczenledi\u011fimiz e\u011fitimlerle bu alanda \u00f6nemli bir eksikli\u011fin giderilmesine katk\u0131da bulunmaya \u00e7al\u0131\u015f\u0131yoruz.<br>Kitaplar\u0131m\u0131z ve e\u011fitimlerimiz \u00f6zel gereksinimli bireylere ili\u015fkin sosyal beceriler ve zihin kuram\u0131n\u0131 b\u00fct\u00fcnle\u015ftirerek elen alan g\u00fcncel ve yenilik\u00e7i bir yakla\u015f\u0131m\u0131 oda\u011f\u0131na almaktad\u0131r.<\/p>\n\n\n\n<p><\/p>\n","protected":false},"excerpt":{"rendered":"<p>\u00d6zel gereksinimi olan bireylere, ailelere ve bu alanda \u00e7al\u0131\u015fan profesyonellere y\u00f6nelik kaynak kitaplar yay\u0131nlamak ve e\u011fitimler vermek amac\u0131yla 2021 y\u0131l\u0131nda Do\u00e7. Dr. [&hellip;]<\/p>\n","protected":false},"author":1,"featured_media":0,"parent":0,"menu_order":0,"comment_status":"closed","ping_status":"closed","template":"page-templates\/page_fullwidth.php","meta":{"_price":"","_stock":"","_tribe_ticket_header":"","_tribe_default_ticket_provider":"","_tribe_ticket_capacity":"0","_ticket_start_date":"","_ticket_end_date":"","_tribe_ticket_show_description":"","_tribe_ticket_show_not_going":false,"_tribe_ticket_use_global_stock":"","_tribe_ticket_global_stock_level":"","_global_stock_mode":"","_global_stock_cap":"","_tribe_rsvp_for_event":"","_tribe_ticket_going_count":"","_tribe_ticket_not_going_count":"","_tribe_tickets_list":"[]","_tribe_ticket_has_attendee_info_fields":false,"_themeisle_gutenberg_block_has_review":false,"footnotes":"","_tec_slr_enabled":"","_tec_slr_layout":""},"class_list":["post-111","page","type-page","status-publish","hentry"],"ticketed":false,"_links":{"self":[{"href":"https:\/\/www.ailegelisimatolyesi-akademi.com\/index.php\/wp-json\/wp\/v2\/pages\/111","targetHints":{"allow":["GET"]}}],"collection":[{"href":"https:\/\/www.ailegelisimatolyesi-akademi.com\/index.php\/wp-json\/wp\/v2\/pages"}],"about":[{"href":"https:\/\/www.ailegelisimatolyesi-akademi.com\/index.php\/wp-json\/wp\/v2\/types\/page"}],"author":[{"embeddable":true,"href":"https:\/\/www.ailegelisimatolyesi-akademi.com\/index.php\/wp-json\/wp\/v2\/users\/1"}],"replies":[{"embeddable":true,"href":"https:\/\/www.ailegelisimatolyesi-akademi.com\/index.php\/wp-json\/wp\/v2\/comments?post=111"}],"version-history":[{"count":4,"href":"https:\/\/www.ailegelisimatolyesi-akademi.com\/index.php\/wp-json\/wp\/v2\/pages\/111\/revisions"}],"predecessor-version":[{"id":448,"href":"https:\/\/www.ailegelisimatolyesi-akademi.com\/index.php\/wp-json\/wp\/v2\/pages\/111\/revisions\/448"}],"wp:attachment":[{"href":"https:\/\/www.ailegelisimatolyesi-akademi.com\/index.php\/wp-json\/wp\/v2\/media?parent=111"}],"curies":[{"name":"wp","href":"https:\/\/api.w.org\/{rel}","templated":true}]}}